and 254397?
143
Calculate the highest common factor of 19689 and 219.
3
Calculate the highest common divisor of 6986 and 9.
1
What is the highest common factor of 52 and 230932?
52
Calculate the greatest common divisor of 81130 and 7.
7
What is the highest common divisor of 397 and 242567?
397
Calculate the highest common factor of 46033 and 65.
13
What is the highest common divisor of 820 and 8036?
164
Calculate the greatest common divisor of 9196 and 1045.
209
Calculate the greatest common divisor of 926 and 8190470.
926
What is the greatest common factor of 270 and 1010?
10
What is the greatest common divisor of 899 and 7688?
31
What is the highest common divisor of 156 and 19149?
39
What is the highest common factor of 774 and 3114?
18
What is the highest common factor of 5757 and 507?
3
Calculate the highest common divisor of 13629 and 165.
33
What is the greatest common factor of 201 and 1022152?
67
What is the greatest common divisor of 49667 and 7?
1
What is the greatest common factor of 1639 and 13?
1
What is the greatest common factor of 66 and 1194?
6
What is the highest common factor of 116856 and 7128?
216
Calculate the greatest common divisor of 3141 and 6631.
349
What is the highest common factor of 1606704 and 396?
132
What is the greatest common divisor of 2513467 and 33?
11
What is the highest common divisor of 28 and 500458?
14
Calculate the greatest common factor of 9 and 145251.
9
Calculate the highest common divisor of 54 and 134676.
54
What is the highest common factor of 28 and 206038?
14
What is the greatest common divisor of 784668 and 276?
276
What is the highest common divisor of 85383 and 227151?
1611
What is the greatest common factor of 2177 and 63755?
311
What is the greatest common divisor of 1380 and 3600?
60
Calculate the highest common factor of 10350 and 198.
18
What is the greatest common factor of 8544 and 912?
48
What is the greatest common divisor of 4294 and 15142?
226
Calculate the greatest common factor of 300 and 12612.
12
Calculate the highest common divisor of 3013 and 2139.
23
Calculate the greatest common factor of 988 and 26612.
4
What is the highest common factor of 74649 and 10579?
149
What is the greatest common divisor of 21431 and 145?
29
Calculate the greatest common factor of 16 and 37852.
4
What is the greatest common factor of 1606395 and 30?
15
What is the highest common divisor of 3537 and 3406?
131
What is the greatest common factor of 182505 and 90?
15
Calculate the highest common factor of 26 and 983775.
13
What is the highest common divisor of 195851 and 139?
139
Calculate the highest common divisor of 39287 and 170.
17
What is the greatest common divisor of 672 and 1131648?
672
What is the highest common factor of 92 and 2714000?
92
What is the greatest common divisor of 3228 and 300?
12
What is the highest common factor of 23660 and 3710?
70
Calculate the highest common divisor of 117560 and 32.
8
Calculate the highest common factor of 6815 and 28855.
145
What is the greatest common divisor of 63 and 88599?
21
What is the greatest common factor of 156 and 3084?
12
Calculate the highest common factor of 329 and 1750703.
47
What is the highest common factor of 36311 and 451?
11
What is the highest common factor of 238255 and 51?
17
What is the greatest common divisor of 1295 and 302365?
35
Calculate the highest common divisor of 5 and 13670.
5
What is the highest common factor of 75 and 6470?
5
Calculate the greatest common divisor of 822 and 3671874.
822
What is the greatest common divisor of 1786 and 1634?
38
Calculate the highest common divisor of 254 and 632968.
254
Calculate the highest common divisor of 18102150 and 1166.
1166
Calculate the highest common factor of 18 and 240450.
6
What is the greatest common factor of 36 and 363708?
36
What is the highest common divisor of 64 and 14935552?
64
Calculate the highest common divisor of 3663 and 45584.
407
What is the highest common divisor of 522 and 3627378?
522
What is the highest common factor of 146650 and 40?
10
What is the highest common factor of 141664 and 361?
19
What is the highest common divisor of 42120 and 348?
12
What is the greatest common divisor of 12 and 124554?
6
What is the highest common divisor of 108603 and 22?
11
What is the greatest common divisor of 513 and 5157?
27
What is the greatest common factor of 448 and 1582?
14
What is the highest common factor of 5 and 203150?
5
Calculate the highest common divisor of 7 and 749399.
7
What is the greatest common factor of 17821922 and 514?
514
Calculate the greatest common divisor of 531 and 1013502.
177
Calculate the greatest common factor of 154715 and 330.
55
Calculate the greatest common factor of 850 and 46954.
34
Calculate the greatest common divisor of 1105 and 2353.
13
Calculate the greatest common factor of 459 and 125664.
51
What is the greatest common divisor of 2443412 and 524?
524
Calculate the highest common factor of 200 and 4603300.
100
Calculate the highest common factor of 747 and 507.
3
What is the greatest common factor of 3 and 17337?
3
What is the greatest common factor of 1290 and 1001685?
645
What is the greatest common divisor of 548438 and 776?
194
What is the highest common divisor of 2805 and 66?
33
What is the greatest common factor of 4149 and 288?
9
Calculate the highest common divisor of 16383 and 1905.
381
Calculate the highest common factor of 6 and 88152.
6
Calculate the greatest common divisor of 17202 and 380274.
366
What is the greatest common factor of 5455 and 15?
5
Calculate the greatest common factor of 13701 and 3.
3
What is the greatest common factor of 574 and 2002?
14
Calculate the highest common divisor of 2560 and 20736.
256
Calculate the highest common divisor of 3312 and 2136.
24
Calculate the greatest common factor of 385 and 672.
7
Calculate the greatest common divisor of 166 and 821285.
83
Calculate the greatest common factor of 2275 and 1225.
175
What is the greatest common divisor of 72 and 202518?
18
What is the highest common factor of 23793 and 707?
7
What is the highest common divisor of 322 and 8708?
14
Calculate the greatest common factor of 558 and 383580.
18
What is the greatest common divisor of 1728 and 9729?
9
Calculate the greatest common divisor of 472 and 651596.
236
Calculate the greatest common factor of 1215 and 49977.
81
Calculate the highest common factor of 177 and 558494.
59
What is the highest common divisor of 622080 and 10?
10
What is the highest common factor of 10 and 51130?
10
What is the greatest common factor of 52074 and 627?
33
What is the highest common divisor of 25210 and 60?
10
Calculate the greatest common divisor of 21 and 58611.
21
Calculate the highest common factor of 6 and 246144.
6
What is the highest common divisor of 219 and 504576?
219
Calculate the greatest common divisor of 544 and 37.
1
What is the highest common factor of 9106 and 22852?
58
What is the highest common divisor of 36907 and 13481?
221
Calculate the greatest common divisor of 282 and 142457.
47
What is the greatest common factor of 140 and 750715?
35
Calculate the greatest common divisor of 40797 and 351.
27
What is the highest common factor of 4655 and 17185?
35
What is the greatest common factor of 545 and 4430?
5
Calculate the greatest common divisor of 77697 and 252.
9
Calculate the highest common divisor of 2882 and 55.
11
What is the greatest common divisor of 8304 and 48?
48
What is the greatest common divisor of 9945 and 253215?
765
What is the greatest common divisor of 135 and 33045?
15
What is the highest common divisor of 39897 and 17856?
279
What is the highest common divisor of 1029343 and 28?
7
What is the highest common factor of 99252 and 162?
54
What is the greatest common factor of 84060 and 510?
30
Calculate the highest common divisor of 11618 and 666.
74
What is the greatest common factor of 64 and 4972?
4
Calculate the highest common factor of 50421 and 686.
343
What is the highest common divisor of 133 and 1064?
133
What is the greatest common divisor of 1093 and 5439861?
1093
What is the greatest common factor of 52 and 2749552?
52
What is the greatest common divisor of 14 and 40558?
14
Calculate the greatest common divisor of 826 and 5502812.
826
What is the highes